{"id":19,"date":"2023-09-16T15:09:19","date_gmt":"2023-09-16T15:09:19","guid":{"rendered":"https:\/\/mac-group.com.mx\/?page_id=19"},"modified":"2023-09-18T14:33:06","modified_gmt":"2023-09-18T14:33:06","slug":"inicio","status":"publish","type":"page","link":"https:\/\/mac-group.com.mx\/","title":{"rendered":"Inicio"},"content":{"rendered":"\n<p>MAC-group es una empresa profesional dedicada a ejecutar proyectos del sector residencial e industrial, especializados en dise\u00f1o  y fabricaci\u00f3n.<\/p>\n\n\n\n<p>Nuestra experiencia nos permite realizar trabajos el\u00e9ctricos, mec\u00e1nicos y de control, siempre garantizando la calidad de nuestros productos y servicios.<\/p>\n\n\n\n<p><\/p>\n","protected":false},"excerpt":{"rendered":"<p>MAC-group es una empresa profesional dedicada a ejecutar proyectos del sector residencial e industrial, especializados en dise\u00f1o y fabricaci\u00f3n. Nuestra experiencia nos permite realizar trabajos el\u00e9ctricos, mec\u00e1nicos y de control, siempre garantizando la calidad de nuestros productos y servicios.<\/p>\n","protected":false},"author":1,"featured_media":75,"parent":0,"menu_order":0,"comment_status":"closed","ping_status":"closed","template":"","meta":{"footnotes":""},"class_list":["post-19","page","type-page","status-publish","has-post-thumbnail","hentry"],"yoast_head":"<!-- This site is optimized with the Yoast SEO plugin v21.1 - https:\/\/yoast.com\/wordpress\/plugins\/seo\/ -->\n<title>Inicio - MAC-group<\/title>\n<meta name=\"robots\" content=\"index, follow, max-snippet:-1, max-image-preview:large, max-video-preview:-1\" \/>\n<link rel=\"canonical\" href=\"https:\/\/mac-group.com.mx\/\" \/>\n<meta property=\"og:locale\" content=\"es_MX\" \/>\n<meta property=\"og:type\" content=\"article\" \/>\n<meta property=\"og:title\" content=\"Inicio - MAC-group\" \/>\n<meta property=\"og:description\" content=\"MAC-group es una empresa profesional dedicada a ejecutar proyectos del sector residencial e industrial, especializados en dise\u00f1o y fabricaci\u00f3n. Nuestra experiencia nos permite realizar trabajos el\u00e9ctricos, mec\u00e1nicos y de control, siempre garantizando la calidad de nuestros productos y servicios.\" \/>\n<meta property=\"og:url\" content=\"https:\/\/mac-group.com.mx\/\" \/>\n<meta property=\"og:site_name\" content=\"MAC-group\" \/>\n<meta property=\"article:modified_time\" content=\"2023-09-18T14:33:06+00:00\" \/>\n<meta property=\"og:image\" content=\"https:\/\/mac-group.com.mx\/wp-content\/uploads\/2023\/09\/IMG-20200131-WA0073.jpg\" \/>\n\t<meta property=\"og:image:width\" content=\"1280\" \/>\n\t<meta property=\"og:image:height\" content=\"959\" \/>\n\t<meta property=\"og:image:type\" content=\"image\/jpeg\" \/>\n<meta name=\"twitter:card\" content=\"summary_large_image\" \/>\n<meta name=\"twitter:label1\" content=\"Tiempo de lectura\" \/>\n\t<meta name=\"twitter:data1\" content=\"1 minuto\" \/>\n<script type=\"application\/ld+json\" class=\"yoast-schema-graph\">{\"@context\":\"https:\/\/schema.org\",\"@graph\":[{\"@type\":\"WebPage\",\"@id\":\"https:\/\/mac-group.com.mx\/\",\"url\":\"https:\/\/mac-group.com.mx\/\",\"name\":\"Inicio - MAC-group\",\"isPartOf\":{\"@id\":\"https:\/\/mac-group.com.mx\/#website\"},\"datePublished\":\"2023-09-16T15:09:19+00:00\",\"dateModified\":\"2023-09-18T14:33:06+00:00\",\"breadcrumb\":{\"@id\":\"https:\/\/mac-group.com.mx\/#breadcrumb\"},\"inLanguage\":\"es\",\"potentialAction\":[{\"@type\":\"ReadAction\",\"target\":[\"https:\/\/mac-group.com.mx\/\"]}]},{\"@type\":\"BreadcrumbList\",\"@id\":\"https:\/\/mac-group.com.mx\/#breadcrumb\",\"itemListElement\":[{\"@type\":\"ListItem\",\"position\":1,\"name\":\"Inicio\",\"item\":\"https:\/\/mac-group.com.mx\/\"},{\"@type\":\"ListItem\",\"position\":2,\"name\":\"Inicio\"}]},{\"@type\":\"WebSite\",\"@id\":\"https:\/\/mac-group.com.mx\/#website\",\"url\":\"https:\/\/mac-group.com.mx\/\",\"name\":\"MAC-group\",\"description\":\"FABRICACI\u00d3N Y CONSTRUCCI\u00d3N\",\"publisher\":{\"@id\":\"https:\/\/mac-group.com.mx\/#organization\"},\"potentialAction\":[{\"@type\":\"SearchAction\",\"target\":{\"@type\":\"EntryPoint\",\"urlTemplate\":\"https:\/\/mac-group.com.mx\/?s={search_term_string}\"},\"query-input\":\"required name=search_term_string\"}],\"inLanguage\":\"es\"},{\"@type\":\"Organization\",\"@id\":\"https:\/\/mac-group.com.mx\/#organization\",\"name\":\"MAC-group\",\"url\":\"https:\/\/mac-group.com.mx\/\",\"logo\":{\"@type\":\"ImageObject\",\"inLanguage\":\"es\",\"@id\":\"https:\/\/mac-group.com.mx\/#\/schema\/logo\/image\/\",\"url\":\"https:\/\/mac-group.com.mx\/wp-content\/uploads\/2023\/09\/cropped-icono.png\",\"contentUrl\":\"https:\/\/mac-group.com.mx\/wp-content\/uploads\/2023\/09\/cropped-icono.png\",\"width\":476,\"height\":250,\"caption\":\"MAC-group\"},\"image\":{\"@id\":\"https:\/\/mac-group.com.mx\/#\/schema\/logo\/image\/\"}}]}<\/script>\n<!-- \/ Yoast SEO plugin. -->","yoast_head_json":{"title":"Inicio - MAC-group","robots":{"index":"index","follow":"follow","max-snippet":"max-snippet:-1","max-image-preview":"max-image-preview:large","max-video-preview":"max-video-preview:-1"},"canonical":"https:\/\/mac-group.com.mx\/","og_locale":"es_MX","og_type":"article","og_title":"Inicio - MAC-group","og_description":"MAC-group es una empresa profesional dedicada a ejecutar proyectos del sector residencial e industrial, especializados en dise\u00f1o y fabricaci\u00f3n. Nuestra experiencia nos permite realizar trabajos el\u00e9ctricos, mec\u00e1nicos y de control, siempre garantizando la calidad de nuestros productos y servicios.","og_url":"https:\/\/mac-group.com.mx\/","og_site_name":"MAC-group","article_modified_time":"2023-09-18T14:33:06+00:00","og_image":[{"width":1280,"height":959,"url":"https:\/\/mac-group.com.mx\/wp-content\/uploads\/2023\/09\/IMG-20200131-WA0073.jpg","type":"image\/jpeg"}],"twitter_card":"summary_large_image","twitter_misc":{"Tiempo de lectura":"1 minuto"},"schema":{"@context":"https:\/\/schema.org","@graph":[{"@type":"WebPage","@id":"https:\/\/mac-group.com.mx\/","url":"https:\/\/mac-group.com.mx\/","name":"Inicio - MAC-group","isPartOf":{"@id":"https:\/\/mac-group.com.mx\/#website"},"datePublished":"2023-09-16T15:09:19+00:00","dateModified":"2023-09-18T14:33:06+00:00","breadcrumb":{"@id":"https:\/\/mac-group.com.mx\/#breadcrumb"},"inLanguage":"es","potentialAction":[{"@type":"ReadAction","target":["https:\/\/mac-group.com.mx\/"]}]},{"@type":"BreadcrumbList","@id":"https:\/\/mac-group.com.mx\/#breadcrumb","itemListElement":[{"@type":"ListItem","position":1,"name":"Inicio","item":"https:\/\/mac-group.com.mx\/"},{"@type":"ListItem","position":2,"name":"Inicio"}]},{"@type":"WebSite","@id":"https:\/\/mac-group.com.mx\/#website","url":"https:\/\/mac-group.com.mx\/","name":"MAC-group","description":"FABRICACI\u00d3N Y CONSTRUCCI\u00d3N","publisher":{"@id":"https:\/\/mac-group.com.mx\/#organization"},"potentialAction":[{"@type":"SearchAction","target":{"@type":"EntryPoint","urlTemplate":"https:\/\/mac-group.com.mx\/?s={search_term_string}"},"query-input":"required name=search_term_string"}],"inLanguage":"es"},{"@type":"Organization","@id":"https:\/\/mac-group.com.mx\/#organization","name":"MAC-group","url":"https:\/\/mac-group.com.mx\/","logo":{"@type":"ImageObject","inLanguage":"es","@id":"https:\/\/mac-group.com.mx\/#\/schema\/logo\/image\/","url":"https:\/\/mac-group.com.mx\/wp-content\/uploads\/2023\/09\/cropped-icono.png","contentUrl":"https:\/\/mac-group.com.mx\/wp-content\/uploads\/2023\/09\/cropped-icono.png","width":476,"height":250,"caption":"MAC-group"},"image":{"@id":"https:\/\/mac-group.com.mx\/#\/schema\/logo\/image\/"}}]}},"_links":{"self":[{"href":"https:\/\/mac-group.com.mx\/index.php\/wp-json\/wp\/v2\/pages\/19","targetHints":{"allow":["GET"]}}],"collection":[{"href":"https:\/\/mac-group.com.mx\/index.php\/wp-json\/wp\/v2\/pages"}],"about":[{"href":"https:\/\/mac-group.com.mx\/index.php\/wp-json\/wp\/v2\/types\/page"}],"author":[{"embeddable":true,"href":"https:\/\/mac-group.com.mx\/index.php\/wp-json\/wp\/v2\/users\/1"}],"replies":[{"embeddable":true,"href":"https:\/\/mac-group.com.mx\/index.php\/wp-json\/wp\/v2\/comments?post=19"}],"version-history":[{"count":2,"href":"https:\/\/mac-group.com.mx\/index.php\/wp-json\/wp\/v2\/pages\/19\/revisions"}],"predecessor-version":[{"id":74,"href":"https:\/\/mac-group.com.mx\/index.php\/wp-json\/wp\/v2\/pages\/19\/revisions\/74"}],"wp:featuredmedia":[{"embeddable":true,"href":"https:\/\/mac-group.com.mx\/index.php\/wp-json\/wp\/v2\/media\/75"}],"wp:attachment":[{"href":"https:\/\/mac-group.com.mx\/index.php\/wp-json\/wp\/v2\/media?parent=19"}],"curies":[{"name":"wp","href":"https:\/\/api.w.org\/{rel}","templated":true}]}}